common divisor of 27 and 1368837?
9
What is the highest common divisor of 25560 and 26160?
120
Calculate the highest common factor of 697 and 64.
1
What is the highest common factor of 33570 and 110?
10
Calculate the greatest common factor of 9418 and 136.
34
Calculate the greatest common factor of 123412 and 4.
4
What is the greatest common divisor of 83 and 2263991?
83
What is the highest common factor of 330 and 1507110?
330
What is the highest common factor of 75 and 1855?
5
Calculate the greatest common divisor of 103750 and 5625.
625
What is the highest common factor of 475 and 1145?
5
What is the greatest common factor of 882 and 15741?
9
Calculate the greatest common factor of 1862 and 44492.
98
Calculate the highest common divisor of 185192 and 16.
8
Calculate the greatest common factor of 7083 and 864.
9
What is the highest common factor of 26 and 269282?
26
What is the highest common factor of 5335 and 174115?
485
Calculate the highest common divisor of 224 and 913164.
28
What is the greatest common divisor of 13734564 and 393?
393
Calculate the highest common factor of 54 and 711342.
54
Calculate the highest common divisor of 152 and 660782.
38
What is the highest common factor of 29462 and 26?
2
Calculate the highest common divisor of 129 and 528384.
129
What is the greatest common divisor of 6579 and 224847?
387
What is the greatest common factor of 108 and 656?
4
What is the greatest common divisor of 1105253 and 904?
113
Calculate the highest common factor of 13 and 4786249.
13
Calculate the highest common factor of 86 and 2009906.
86
Calculate the greatest common divisor of 30248 and 38456.
152
Calculate the greatest common divisor of 27 and 2404449.
9
What is the greatest common divisor of 224 and 50204?
28
Calculate the greatest common divisor of 725 and 163100.
25
What is the greatest common divisor of 2580 and 4020?
60
Calculate the greatest common divisor of 707328 and 48.
48
Calculate the greatest common divisor of 227923 and 26603.
719
What is the highest common divisor of 287 and 23597?
7
Calculate the greatest common divisor of 16 and 1307552.
16
Calculate the highest common divisor of 72 and 1682888.
8
What is the highest common divisor of 4860 and 1836?
108
Calculate the highest common factor of 35985 and 15.
15
Calculate the highest common factor of 1060504 and 8.
8
What is the greatest common factor of 3348 and 1728?
108
What is the highest common factor of 12564 and 84?
12
Calculate the highest common divisor of 538740 and 18.
18
Calculate the highest common divisor of 7395 and 9918.
87
What is the greatest common divisor of 1674 and 43470?
54
Calculate the greatest common factor of 3806166 and 1092.
546
Calculate the highest common factor of 1180746 and 378.
126
Calculate the highest common divisor of 518 and 11248.
74
Calculate the highest common factor of 18075 and 14475.
75
Calculate the highest common divisor of 9288 and 540252.
1548
What is the greatest common divisor of 8265 and 5945?
145
What is the greatest common divisor of 864 and 2515104?
864
Calculate the greatest common divisor of 87704 and 1.
1
Calculate the highest common factor of 23449 and 2620.
131
What is the greatest common divisor of 161450 and 125?
25
Calculate the greatest common divisor of 5250 and 45875.
125
Calculate the greatest common factor of 64 and 155496.
8
What is the greatest common divisor of 92 and 19159?
23
Calculate the highest common factor of 56296 and 248.
248
What is the greatest common divisor of 540 and 980?
20
Calculate the highest common divisor of 11 and 294041.
11
Calculate the highest common divisor of 270 and 220914.
54
What is the greatest common factor of 1312 and 410?
82
What is the highest common factor of 95 and 136705?
95
Calculate the highest common factor of 5968 and 136891.
373
What is the highest common divisor of 117 and 55497?
39
Calculate the greatest common factor of 56 and 1008728.
56
What is the greatest common factor of 1825002 and 106?
106
Calculate the greatest common divisor of 605 and 34243.
121
Calculate the highest common divisor of 5905 and 30.
5
What is the highest common divisor of 1425 and 22230?
285
Calculate the greatest common divisor of 130 and 3317080.
130
Calculate the greatest common factor of 1544 and 1450202.
386
What is the greatest common factor of 31 and 36022?
31
Calculate the highest common factor of 56169 and 9.
9
What is the greatest common factor of 150 and 21550?
50
What is the greatest common factor of 16 and 71936?
16
What is the highest common divisor of 172 and 126076?
172
Calculate the highest common factor of 16 and 6007.
1
What is the greatest common divisor of 11989 and 57?
19
Calculate the highest common factor of 3888 and 328.
8
Calculate the greatest common factor of 321261 and 865.
173
What is the highest common factor of 30 and 641895?
15
What is the highest common factor of 4598 and 17974?
418
What is the greatest common divisor of 95764 and 76396?
1076
Calculate the highest common factor of 252 and 116676.
252
What is the highest common factor of 468 and 54873?
117
What is the greatest common factor of 4160917 and 887?
887
Calculate the greatest common factor of 198855 and 315.
45
Calculate the greatest common factor of 504 and 297640.
56
Calculate the greatest common divisor of 9699 and 265.
53
Calculate the highest common divisor of 37010 and 510.
10
Calculate the greatest common divisor of 848 and 1325.
53
What is the highest common factor of 2 and 16691?
1
What is the highest common factor of 1680245 and 6405?
2135
What is the highest common factor of 14282300 and 5?
5
What is the highest common factor of 2744 and 12?
4
What is the highest common factor of 5450 and 54?
2
Calculate the highest common factor of 23421 and 267.
3
What is the highest common factor of 7844 and 18796?
148
Calculate the greatest common factor of 2804979 and 1137.
1137
What is the greatest common factor of 157482 and 312?
78
What is the highest common factor of 8640 and 57?
3
Calculate the greatest common divisor of 29 and 11107.
29
Calculate the highest common divisor of 1155584 and 96.
32
What is the highest common divisor of 344 and 66908?
172
Calculate the highest common factor of 228168 and 288.
72
What is the greatest common divisor of 104226 and 174?
174
What is the greatest common divisor of 33 and 150106?
11
What is the greatest common divisor of 84 and 1188996?
12
What is the greatest common divisor of 32202888 and 24?
24
Calculate the greatest common factor of 70 and 47530.
70
What is the greatest common divisor of 6576 and 2864?
16
What is the highest common divisor of 342738 and 2376?
594
What is the highest common factor of 4659 and 33?
3
Calculate the highest common divisor of 105043 and 5661.
629
Calculate the highest common divisor of 16133 and 9529.
13
What is the greatest common factor of 73 and 84169?
73
What is the greatest common divisor of 334 and 1449894?
334
Calculate the greatest common divisor of 378 and 1834.
14
What is the highest common divisor of 10676 and 221?
17
Calculate the greatest common divisor of 36 and 52983.
9
What is the greatest common divisor of 98 and 167762?
14
What is the highest common divisor of 119757 and 114?
57
What is the greatest common factor of 774 and 15552?
18
What is the highest common factor of 66 and 65186?
22
Calculate the highest common factor of 220 and 10020.
20
Calculate the greatest common divisor of 13961 and 1633.
23
What is the highest common factor of 22850 and 32904?
914
Calculate the highest common divisor of 1110 and 24330.
30
Calculate the highest common factor of 14 and 13027.
7
What is the greatest common divisor of 70473 and 2028?
507
What is the greatest common factor of 748 and 582760?
68
Calculate the greatest common divisor of 682 and 1299551.
341
Calculate the greatest common divisor of 412008 and 48.
24
Calculate the greatest common divisor of 1425435 and 66.
33
Calculate the greatest common factor of 152270 and 230.
10
What is the greatest common factor of 952 and 4534138?
238
What is the greatest common factor of 9 and 512037?
9
What is the greatest common factor of 437 and 82916?
19
Calculate the greatest common divisor of 700830 and 4290.
390
What is the greatest common divisor of 3 a